?
3
Let z be 4/(-30) - 11384/120. Suppose 0 = -9*a - 1762 + 673. Let r = z - a. What is the remainder when 80 is divided by r?
2
Suppose 2*c = 5*u - 32 + 1, 3*u - 5*c - 11 = 0. Suppose 0 = u*n - 46 + 11. Calculate the remainder when 16 is divided by n.
1
Suppose l + 2*j - 13 = -1, 4*j - 20 = -l. Calculate the remainder when 71 is divided by ((-3)/6)/(1/(-82)) - l.
34
Suppose 7*x + n = 97, -11*x - 5*n = -14*x + 47. Calculate the remainder when 241 is divided by x.
3
Suppose -49*f = -73*f + 7680. What is the remainder when f is divided by 3?
2
Let i be (-3)/(-6) - (-5)/(-10). Suppose i = -r + 3*o + 3 - 12, 0 = -o + 2. Calculate the remainder when 31 is divided by r/((-213)/51 + 4).
14
Let y(r) = -r - 3. Let x(a) = -a**2 - 6*a - 7. Let t be x(-6). Let c be y(t). What is the remainder when (3/(-3)*19)/((-2)/c) is divided by 11?
5
Suppose 4*i - l - 638 = 5317, 0 = -5*i - 2*l + 7447. What is the remainder when i is divided by 743?
3
Let p(m) = 8*m**3 - 2*m**2 - 38*m + 131. What is the remainder when p(3) is divided by 80?
55
Let a(j) = -2*j**2 - 94*j + 122. Let v be a(-48). What is the remainder when v*(1 - (-8 - -6)) is divided by 16?
14
Let h = 322 + -279. Suppose -195 = 13*z - 8*z. Let l = -17 - z. What is the remainder when h is divided by l?
21
Let m be 15/3 + -1 + 0. Suppose -m*i + 261 = -i. Suppose 0 = 193*y - 164*y - 522. What is the remainder when i is divided by y?
15
Let d = 754 - 245. Let a = d - 486. Calculate the remainder when a is divided by 17.
6
Suppose 0 = 5*c + 68 + 202. Let u(r) = 10*r + 12. Let h be u(-7). Let z = c - h. What is the remainder when 25 is divided by z?
1
Suppose 0 = 4*f - t - 1716, -2*t - 347 = -5*f + 1798. Calculate the remainder when f is divided by 59.
16
Let m = 4761 + -4623. What is the remainder when m is divided by 70?
68
Let x be (-2)/8 + (-111)/4. Let b(g) = -98*g**2 + 681*g + 17. Let y be b(7). Calculate the remainder when (x/y)/7 - (-1076)/18 is divided by 16.
12
Let f(m) = m**2 - 15*m - 100. Let v be f(20). What is the remainder when (5/15 - v)/((-1)/(-246)) is divided by 17?
14
Let c = 36 - 31. Suppose c*k = 4*w - 934, -1075 + 365 = -3*w - k. What is the remainder when w is divided by 24?
20
What is the remainder when 204 is divided by (-2 - 1005/(-10))/((-44)/(-88))?
7
Suppose 17*d + 0*d + 1207 = 0. Let r = d + 138. Calculate the remainder when 466 is divided by r.
64
Let u(m) = m**3 - 17*m**2 + 7*m + 154. Calculate the remainder when u(17) is divided by 89.
6
Suppose 4*m - 2*u = -6*u + 220, 3*m - 3*u = 141. Let k = 136 - m. Calculate the remainder when k is divided by 20 + (-9 - -3)/(-3).
19
Suppose 5*c - c - 130 = 2*h, 4*h + 20 = 0. Let i be 8/52 + c/(-26). Calculate the remainder when 72 is divided by i*2 - (-5 + -22).
22
Calculate the remainder when 351 is divided by -3 - (-4867)/93 - 4/(-6).
1
Let o be (-1*(-2)/(-6))/(1/(-3)). Suppose 0 = -3*x + 9, -2*x - x = 4*r - 61. What is the remainder when o/6 + (-1405)/(-30) + 3 is divided by r?
11
Suppose -46*u = -y - 50*u + 1062, 0 = 2*y + u - 2110. What is the remainder when y is divided by 1046?
8
Let g(u) = u**3 + 21*u**2 + 3*u - 301. Calculate the remainder when 1090 is divided by g(-20).
37
Calculate the remainder when (368/(15 + 1))/((-2)/(-436)) is divided by 59.
58
Let s be 4/14 + (-1725)/(-161). Let t(z) = 7*z - 16. Let x be t(s). Let j = 85 - x. Calculate the remainder when j is divided by 9.
6
Let u = -8733 - -8895. Calculate the remainder when 480 is divided by u.
156
Let m(c) = -c**3 + 15*c**2 - 14*c + 13. Let d be -12 - 4/(-4) - -1. What is the remainder when m(14) is divided by (12/d)/(6/(-20))?
1
Suppose 0 = 3*w - 2*c - 99 - 156, 2*c = 6. Let j = -31566 + 31612. Calculate the remainder when w is divided by j.
41
Suppose 5*s - g - 4186 = 0, 4*g - 1931 + 261 = -2*s. Calculate the remainder when s is divided by 24.
21
What is the remainder when 1409 is divided by -1 - (2 + -5) - 4 - -32?
29
Let d(b) = -2*b - 18. Let o be d(-3). Calculate the remainder when 214/3 - (0 - (-20)/o) is divided by 11.
7
Let k = 278 - 2189. What is the remainder when 2*3*k/(-63) is divided by 23?
21
Let x = 59 + -13. Suppose 264 = 2*y - 16*t + 11*t, y = 4*t + 129. Calculate the remainder when y is divided by x.
45
Suppose 0*h + 2*h = -4*t - 10, h = 3*t + 5. Let w = 55 - 48. What is the remainder when (4 - 2 - t)*4 is divided by w?
2
What is the remainder when 5/(-10)*(-8 + 4 + -6624) is divided by 1103?
5
Let s(u) = u**2 - 7*u + 8. Let f be s(6). Let w be (-3 - (-21)/6)*12*7. Suppose 5*z - f*z = w. Calculate the remainder when z is divided by 5.
4
Let m be 14/224 + 141/48. Suppose 5*z - 2*i - 354 = z, -4*z = m*i - 339. Calculate the remainder when 254 is divided by z.
80
Suppose 106*y - 9678 = -3318. Calculate the remainder when 8397 is divided by y.
57
Let l = -4604 + 4775. What is the remainder when l is divided by 11?
6
Suppose 453*f = -338*f + 698*f + 3162. Suppose 3*g - 8*g = -30. Calculate the remainder when f is divided by g.
4
Let q(y) = -y**3 - 40*y**2 - 49*y + 1236. What is the remainder when q(-38) is divided by 3?
0
Suppose -5*r - 1908 = 4*a - 6320, -5*r + 2*a + 4394 = 0. What is the remainder when r is divided by 216?
16
Suppose -4*s = 5*y - 2080, -2*s = -0*y - 2*y - 1040. Calculate the remainder when s is divided by 44.
36
Suppose 201 + 4959 = 40*t. What is the remainder when 270 is divided by t?
12
Let o be 3*-10*3/(-18). Suppose 9 = 3*x - 0*x, 2*f = 2*x + 102. Suppose f = o*c - 3*c. Calculate the remainder when 134 is divided by c.
26
Let h(g) = -g**2 + 19*g. Suppose 6*j - 3*j = r + 508, -r + 5 = 0. What is the remainder when j is divided by h(9)?
81
Suppose -41*p + 116 = -12*p. Suppose 4*m - 3*w = w + 140, p*w = -3*m + 105. Calculate the remainder when m is divided by 13.
9
Suppose -6*i = -8*i + 38. Let c be (11 + -27)*(-62)/4. Suppose 4*k - 982 = -2*x, -2*k + c = -k - 2*x. What is the remainder when k is divided by i?
18
Suppose -4*n + 2*c = -28, 39*n - 53 = 34*n - 2*c. Calculate the remainder when 72 is divided by n.
0
Suppose 2224 = 36*l - 800. Suppose -4*f + 21 = 5*m, 24 = 5*m - f + 2*f. What is the remainder when l is divided by m?
4
What is the remainder when ((-1 - 1) + 1)/((-117)/3744) is divided by 7?
4
Let f be 148/3 - -2*(-8)/(-24). Let j = 291 - f. Calculate the remainder when j is divided by 22.
21
Suppose 67 = 2*v - v + 3*g, -5*g = 0. What is the remainder when 75 is divided by v?
8
Suppose -3*v + 11*k - 8*k + 111 = 0, 3*k = -v + 49. What is the remainder when 391 is divided by v?
31
Suppose -15*h + 79 = -12*h + 5*u, -h + 21 = 3*u. What is the remainder when 72 is divided by h?
6
Suppose -9*o = m - 88434, 0 = 42*o - 41*o + m - 9826. Calculate the remainder when o is divided by 42.
40
Suppose 3*y + 3 = 2*x, -3*x - 2*x - 5*y + 20 = 0. Suppose 0 = -p, -3*u + 2*u - x*p = -1. Let q = 264 - 259. What is the remainder when q is divided by u?
0
Let p(c) = 26*c - 38. Let u = -689 + 694. What is the remainder when p(u) is divided by 46?
0
Let c(u) = 40*u + 70. Let h be (20/10)/((-1)/(-6)). Let y be c(h). Suppose 6*r - r = y. What is the remainder when r is divided by 23?
18
Let j(d) = 17*d**2 - 1276*d + 79. What is the remainder when 399 is divided by j(75)?
3
Suppose -9*w - 23*w + 15*w = -29019. What is the remainder when w is divided by 569?
0
Let p(y) = -12*y + 11. Let c(m) = -m**3 - 16*m**2 + 5*m + 79. Let k be c(-16). Calculate the remainder when 51 is divided by p(k).
5
Suppose -32 = -2*s - 4*n - 8, 4*n = -s + 18. Let k be (s + -7)*(1 - 1). Suppose a + k = 3. Calculate the remainder when 7 is divided by a.
1
Suppose 672 + 948 = 9*a. Let t = a + -50. What is the remainder when t is divided by 22?
20
Let o = -25 + 25. Suppose 4 = -0*i + 2*i. Suppose 2*x + 10 = 0, -4*q + i*x + 8 + 34 = o. Calculate the remainder when 10 is divided by q.
2
Suppose 3*g - 8*g = -375. Suppose -4*s + 6701 = -5*n - 7*s, 5*s + 4027 = -3*n. Let x = -1301 - n. What is the remainder when g is divided by x?
37
Suppose 0 = 40*a - 4*a - 6591 - 2013. Calculate the remainder when a is divided by 238.
1
Suppose 48*g = 2221 + 1955. What is the remainder when 334 is divided by g?
73
What is the remainder when ((-14994)/255)/(12/36 + (-14)/30) is divided by 12?
9
Let j = 55 - 61. What is the remainder when 23 is divided by 18 + 42/j + 1?
11
Let s = 413 - 443. What is th